{"id":18087,"date":"2026-04-27T09:47:33","date_gmt":"2026-04-27T07:47:33","guid":{"rendered":"https:\/\/colegiosocorro.es\/tienda\/?post_type=product&#038;p=18087"},"modified":"2026-04-27T09:47:33","modified_gmt":"2026-04-27T07:47:33","slug":"6opri-4o-plazo-fin-de-curso","status":"publish","type":"product","link":"https:\/\/colegiosocorro.es\/tienda\/producto\/6opri-4o-plazo-fin-de-curso\/","title":{"rendered":"6\u00baPRI-4\u00ba Plazo Fin de Curso"},"content":{"rendered":"<p>Del 03 al 05 de junio nuestros alumnos de 6\u00ba de Primaria realizar\u00e1n la Excursi\u00f3n de Final de Curso.Visitar\u00e1n Micropolix, Parque Atracciones Warner Bross y realizar\u00e1n multiaventura en Sierra de Guadarrama.<br \/>\nSe realiza en 4 pagos<\/p>\n","protected":false},"excerpt":{"rendered":"<p>Del 03 al 05 de junio nuestros alumnos de 6\u00ba de Primaria realizar\u00e1n la Excursi\u00f3n de Final de Curso.Visitar\u00e1n Micropolix, Parque Atracciones Warner Bross y realizar\u00e1n multiaventura en Sierra de Guadarrama. Se realiza en 4 pagos<\/p>\n","protected":false},"featured_media":18088,"template":"","meta":{"site-sidebar-layout":"default","site-content-layout":"","ast-site-content-layout":"default","site-content-style":"default","site-sidebar-style":"default","ast-global-header-display":"","ast-banner-title-visibility":"","ast-main-header-display":"","ast-hfb-above-header-display":"","ast-hfb-below-header-display":"","ast-hfb-mobile-header-display":"","site-post-title":"","ast-breadcrumbs-content":"","ast-featured-img":"","footer-sml-layout":"","ast-disable-related-posts":"","theme-transparent-header-meta":"default","adv-header-id-meta":"","stick-header-meta":"","header-above-stick-meta":"","header-main-stick-meta":"","header-below-stick-meta":"","astra-migrate-meta-layouts":"set","ast-page-background-enabled":"default","ast-page-background-meta":{"desktop":{"background-color":"","background-image":"","background-repeat":"repeat","background-position":"center center","background-size":"auto","background-attachment":"scroll","background-type":"","background-media":"","overlay-type":"","overlay-color":"","overlay-opacity":"","overlay-gradient":""},"tablet":{"background-color":"","background-image":"","background-repeat":"repeat","background-position":"center center","background-size":"auto","background-attachment":"scroll","background-type":"","background-media":"","overlay-type":"","overlay-color":"","overlay-opacity":"","overlay-gradient":""},"mobile":{"background-color":"","background-image":"","background-repeat":"repeat","background-position":"center center","background-size":"auto","background-attachment":"scroll","background-type":"","background-media":"","overlay-type":"","overlay-color":"","overlay-opacity":"","overlay-gradient":""}},"ast-content-background-meta":{"desktop":{"background-color":"var(--ast-global-color-5)","background-image":"","background-repeat":"repeat","background-position":"center center","background-size":"auto","background-attachment":"scroll","background-type":"","background-media":"","overlay-type":"","overlay-color":"","overlay-opacity":"","overlay-gradient":""},"tablet":{"background-color":"var(--ast-global-color-5)","background-image":"","background-repeat":"repeat","background-position":"center center","background-size":"auto","background-attachment":"scroll","background-type":"","background-media":"","overlay-type":"","overlay-color":"","overlay-opacity":"","overlay-gradient":""},"mobile":{"background-color":"var(--ast-global-color-5)","background-image":"","background-repeat":"repeat","background-position":"center center","background-size":"auto","background-attachment":"scroll","background-type":"","background-media":"","overlay-type":"","overlay-color":"","overlay-opacity":"","overlay-gradient":""}}},"product_brand":[],"product_cat":[243],"product_tag":[],"class_list":{"0":"post-18087","1":"product","2":"type-product","3":"status-publish","4":"has-post-thumbnail","6":"product_cat-excursiones","7":"desktop-align-center","8":"tablet-align-center","9":"mobile-align-center","11":"first","12":"instock","13":"taxable","14":"shipping-taxable","15":"purchasable","16":"product-type-simple"},"_links":{"self":[{"href":"https:\/\/colegiosocorro.es\/tienda\/wp-json\/wp\/v2\/product\/18087","targetHints":{"allow":["GET"]}}],"collection":[{"href":"https:\/\/colegiosocorro.es\/tienda\/wp-json\/wp\/v2\/product"}],"about":[{"href":"https:\/\/colegiosocorro.es\/tienda\/wp-json\/wp\/v2\/types\/product"}],"version-history":[{"count":1,"href":"https:\/\/colegiosocorro.es\/tienda\/wp-json\/wp\/v2\/product\/18087\/revisions"}],"predecessor-version":[{"id":18089,"href":"https:\/\/colegiosocorro.es\/tienda\/wp-json\/wp\/v2\/product\/18087\/revisions\/18089"}],"wp:featuredmedia":[{"embeddable":true,"href":"https:\/\/colegiosocorro.es\/tienda\/wp-json\/wp\/v2\/media\/18088"}],"wp:attachment":[{"href":"https:\/\/colegiosocorro.es\/tienda\/wp-json\/wp\/v2\/media?parent=18087"}],"wp:term":[{"taxonomy":"product_brand","embeddable":true,"href":"https:\/\/colegiosocorro.es\/tienda\/wp-json\/wp\/v2\/product_brand?post=18087"},{"taxonomy":"product_cat","embeddable":true,"href":"https:\/\/colegiosocorro.es\/tienda\/wp-json\/wp\/v2\/product_cat?post=18087"},{"taxonomy":"product_tag","embeddable":true,"href":"https:\/\/colegiosocorro.es\/tienda\/wp-json\/wp\/v2\/product_tag?post=18087"}],"curies":[{"name":"wp","href":"https:\/\/api.w.org\/{rel}","templated":true}]}}