{"id":633,"date":"2019-07-05T12:39:00","date_gmt":"2019-07-05T10:39:00","guid":{"rendered":"https:\/\/colegiosocorro.es\/tienda\/?page_id=633"},"modified":"2023-03-23T10:09:42","modified_gmt":"2023-03-23T09:09:42","slug":"politica-de-cookies","status":"publish","type":"page","link":"https:\/\/colegiosocorro.es\/tienda\/politica-de-cookies\/","title":{"rendered":"Pol\u00edtica de Cookies"},"content":{"rendered":"\n<p><strong><em>Normativa sobre el uso de cookies<\/em><\/strong><\/p>\n\n\n\n<p>Esta Pol\u00edtica de Cookies es parte integrante del Aviso Legal y la Pol\u00edtica de Privacidad &nbsp;de Parroquia Nuestra Se\u00f1ora del Socorro.<\/p>\n\n\n\n<p>El acceso y la navegaci\u00f3n en el sitio, o el &nbsp;uso &nbsp;de &nbsp;los servicios del mismo, implican la aceptaci\u00f3n de las Condiciones Generales establecidas en nuestro Aviso Legal (y por tanto de la Pol\u00edtica de Privacidad y Pol\u00edtica de Cookies). Por favor, l\u00e9elas atentamente.<\/p>\n\n\n\n<p>Te agradecemos que hayas decidido visitarnos. Queremos que tu experiencia en el sitio sea lo mejor &nbsp;posible, &nbsp;y &nbsp;por &nbsp;ese &nbsp;motivo &nbsp;hemos &nbsp;escrito &nbsp;esta &nbsp;Pol\u00edtica &nbsp;de &nbsp;Cookies &nbsp;de &nbsp;la &nbsp;forma &nbsp;m\u00e1s transparente posible.<\/p>\n\n\n\n<p><strong><em>\u00bfQu\u00e9 es una Cookie?<\/em><\/strong><\/p>\n\n\n\n<p>Las cookies son archivos que contienen peque\u00f1as cantidades de informaci\u00f3n que se descargan en el dispositivo del usuario que se utiliza cuando visitas un sitio web. Su finalidad principal es reconocer al usuario cada vez que accede a&nbsp;<strong><a href=\"http:\/\/www.colegiosocorro.es\/\">www.colegiosocorro.es<\/a><\/strong>&nbsp;nos permite, adem\u00e1s, mejorar la calidad y la usabilidad de nuestra web.<\/p>\n\n\n\n<p>Las cookies son esenciales para el funcionamiento de Internet; no pueden da\u00f1ar el equipo\/dispositivo del usuario y, si se encuentran activadas en la configuraci\u00f3n de tu navegador, nos ayudan a identificar y resolver posibles errores de funcionamiento de<a href=\"http:\/\/www.colegiosocorro.es\/\">&nbsp;www.colegiosocorro.es.<\/a><\/p>\n\n\n\n<p><strong><em>Tipos de Cookies<\/em><\/strong><\/p>\n\n\n\n<p>Hay diferentes tipos de cookies. Todos ellos trabajan de la misma manera, pero tienen peque\u00f1as diferencias:<\/p>\n\n\n\n<ul class=\"wp-block-list\">\n<li><strong>Cooki<\/strong><strong>es&nbsp;<\/strong><strong>de Sesi\u00f3n<\/strong>. Las cookies de sesi\u00f3n duran solamente por la duraci\u00f3n de tu visita y se borran cuando cierras el navegador. Su finalidad principal es identificar el tipo de dispositivo, apoyar la seguridad sitio web o su funcionalidad b\u00e1sica. No contienen informaci\u00f3n personal que nos permita identificar a una persona.<\/li>\n\n\n\n<li><strong>Cooki<\/strong><strong>es&nbsp;<\/strong><strong>Persis<\/strong><strong>tentes o Permanentes<\/strong>: Se almacenan en el disco duro del dispositivo y nuestra web las lee cada vez que realizas una &nbsp;nueva &nbsp;visita &nbsp;a &nbsp;<a href=\"https:\/\/colegiosocorro.es\/\">www.colegiosocorro.es<\/a>; &nbsp;posee &nbsp;una fecha de caducidad o expiraci\u00f3n determinada, cumplida la cual la cookie deja de funcionar. Nos permiten identificar tus acciones y preferencias; analizar las visitas y nos ayudan a comprender c\u00f3mo llegan los usuarios a nuestra p\u00e1gina y mejorar nuestros servicios.<\/li>\n\n\n\n<li><strong>Cooki<\/strong><strong>es&nbsp;<\/strong><strong>de Funcionalidad<\/strong>: Permiten a&nbsp;<a href=\"http:\/\/www.colegiosocorro.es\/\">www.colegiosocorro.es<\/a>&nbsp;recordar decisiones adoptadas por el usuario, como su login o identificador.<\/li>\n\n\n\n<li>La informaci\u00f3n que estas cookies recogen se anonimiza (es decir, no contiene ni tu nombre, direcci\u00f3n u otros datos).<\/li>\n\n\n\n<li><strong>Cooki<\/strong><strong>es&nbsp;<\/strong><strong>de Terceros<\/strong>. Las cookies de terceros son las cookies que instala un sitio web que no es el que est\u00e1s visitando; por ejemplo, las usadas por redes sociales (como Facebook) o por complementos externos de contenido (como Google Maps). Adem\u00e1s, algunas empresas de publicidad usan este tipo de archivos para realizar un seguimiento de tus visitas en cada sitio en el que se anuncian.<\/li>\n\n\n\n<li><strong>Cooki<\/strong><strong>es&nbsp;<\/strong><strong>Anal\u00ed<\/strong><strong>ticas<\/strong>: Son cookies que tienen por finalidad el mantenimiento peri\u00f3dico y garantizar el mejor funcionamiento y servicio al usuario; recopilando datos de tu actividad.<\/li>\n<\/ul>\n\n\n\n<p><strong><em>Uso de Cookies por parte de\u00a0www.colegiosocorro.es<\/em><\/strong><\/p>\n\n\n\n<p>Mediante el acceso a&nbsp;<a href=\"http:\/\/www.colegiosocorro.es\/\">www.colegiosocorro.es,<\/a>&nbsp;aceptas &nbsp;de &nbsp;manera &nbsp;expresa &nbsp;que &nbsp;podamos &nbsp;usar este tipo de cookies en tus dispositivos. Si desactivas las cookies, puede que tu navegaci\u00f3n por&nbsp;<a href=\"http:\/\/www.colegiosocorro.es\/\">www.colegiosocorro.es<\/a>&nbsp;no sea \u00f3ptima y algunas de las utilidades que dispone&nbsp;<a href=\"http:\/\/www.colegiosocorro.es\/\">www.colegiosocorro.es<\/a>&nbsp;no funcionen correctamente.<\/p>\n\n\n\n<p>          <strong><em>a.\u00a0\u00a0\u00a0\u00a0\u00a0Cookies propias<\/em><\/strong><\/p>\n\n\n\n<p>Con el fin de reconocerte y prestarte un mejor servicio, nuestro sitio utiliza cookies (peque\u00f1os archivos de texto que tu navegador almacena) propias. Las ventajas que conlleva la aceptaci\u00f3n de nuestras cookies se traduce en un ahorro de tiempo. Asimismo pueden ser utilizadas tambi\u00e9n para reconocerte entre visitas sucesivas y as\u00ed adaptar el contenido que se te muestra, para obtener informaci\u00f3n acerca de la fecha y hora de tu \u00faltima visita, medir algunos par\u00e1metros de tr\u00e1fico dentro del propio sitio, y estimar el n\u00famero de visitas realizadas, de manera que podamos enfocar y ajustar los servicios y promociones de forma m\u00e1s efectiva.<\/p>\n\n\n\n<p>Ninguna cookie permite que pueda contactarse con tu n\u00famero de tel\u00e9fono, tu direcci\u00f3n de correo electr\u00f3nico o con cualquier otro medio de contacto. Ninguna cookie puede extraer informaci\u00f3n de tu disco duro o robar informaci\u00f3n personal.<\/p>\n\n\n\n<p>          <strong><em>b.\u00a0\u00a0\u00a0Cookies de Terceros. Cookies de Google Analytics<\/em><\/strong><\/p>\n\n\n\n<p>El sitio utiliza el servicio Google Analytics, que es prestado por Google, Inc., entidad cuya oficina principal est\u00e1 en 1600 Amphitheatre Parkway, Mountain View (California), CA 94043, Estados Unidos (\u00abGoogle\u00bb).<\/p>\n\n\n\n<p>Google Analytics utiliza cookies para ayudarnos a analizar el uso que hacen los usuarios del sitio. La informaci\u00f3n que genera la cookie acerca de tu uso del sitio (incluyendo tu direcci\u00f3n IP) ser\u00e1 directamente transmitida y archivada por Google en sus servidores de &nbsp;Estados Unidos. Google usar\u00e1 esta informaci\u00f3n por cuenta nuestra con el prop\u00f3sito de seguir la pista de tu uso del sitio, recopilando informes de la actividad del sitio y prestando otros servicios relacionados con la actividad del sitio y el uso de Internet. Google podr\u00e1 transmitir dicha informaci\u00f3n a terceros cuando as\u00ed se lo requiera la legislaci\u00f3n, o cuando dichos terceros procesen la informaci\u00f3n por cuenta de Google. Google no asociar\u00e1 tu direcci\u00f3n IP con ning\u00fan otro dato del que disponga Google.<\/p>\n\n\n\n<p>Si lo deseas puedes rechazar el tratamiento de los datos o la informaci\u00f3n rechazando el uso de cookies mediante la selecci\u00f3n de la configuraci\u00f3n apropiada de tu navegador. Sin embargo, si lo haces, puede ser que no puedas usar la plena funcionabilidad de este sitio. Al utilizar este sitio consientes el t ratamiento tu informaci\u00f3n por Google en la forma y para los fines arriba indicados.<\/p>\n\n\n\n<p>M\u00e1s informaci\u00f3n en&nbsp;<a href=\"https:\/\/policies.google.com\/technologies\/cookies?hl=es\">policies.google.com\/technologies\/cookies?hl=es<\/a><\/p>\n\n\n\n<p>Google ha desarrollado un complemento que puede instalar en su navegador si desea no ser rastreado por sus cookies:\u00a0<a href=\"https:\/\/tools.google.com\/dlpage\/gaoptout\">tools.google.com\/dlpage\/gaoptout<\/a><\/p>\n\n\n\n<figure class=\"wp-block-table\"><table><tbody><tr><td>&nbsp;<strong>COOKIES&nbsp;<\/strong><strong>ANAL\u00cdTICAS<\/strong><\/td><\/tr><tr><td>Nombre<\/td><td>Prop\u00f3sito<\/td><\/tr><tr><td>_utma<\/td><td>Se usa para distinguir usuarios y sesiones. La cookie se crea cuando &nbsp;se ejecuta la biblioteca JavaScript y no hay ninguna cookie utma. La cookie se actualiza cada vez que se env\u00edan datos a Google Analytics.<\/td><\/tr><tr><td>_utmt<\/td><td>Se usa para limitar el porcentaje de solicitudes.<\/td><\/tr><tr><td>_utmb<\/td><td>Se usa para determinar nuevas sesiones o visitas. La cookie se crea cuando se ejecuta la biblioteca JavaScript y no hay ninguna cookie&nbsp; &nbsp;utmb. La cookie se actualiza cada vez que se env\u00edan datos a Google Analytics.<\/td><\/tr><tr><td>&nbsp;_utmc<\/td><td>No se usa en ga.js. Se configura &nbsp;para &nbsp;interactuar &nbsp;con &nbsp;urchin.js. Anteriormente, esta cookie actuaba junto con la &nbsp;cookie &nbsp;utmb para determinar si el usuario estaba en una nueva sesi\u00f3n o visita.<\/td><\/tr><tr><td>&nbsp;_utmz<\/td><td>Almacena la fuente de t r\u00e1fico o la campa\u00f1a que explica c\u00f3mo ha llegado el usuario al sitio. La cookie se crea cuando se ejecuta la biblioteca JavaScript y se actualiza cada vez que se env\u00edan datos a Google Analytics.<\/td><\/tr><tr><td>&nbsp;_utmv<\/td><td>Se usa para almacenar datos de variables personalizadas de visitante. Esta cookie se crea cuando un programador usa el &nbsp;m\u00e9todo &nbsp;<a href=\"https:\/\/developers.google.com\/analytics\/devguides\/collection\/gajs\/methods\/gaJSApiBasicConfiguration?hl=es&amp;_gat.GA_Tracker_._setCustomVar\">_setCustomVar&nbsp;<\/a>con una &nbsp;variable &nbsp;personalizada &nbsp;de &nbsp;visitante. &nbsp;Tambi\u00e9n &nbsp;se usaba &nbsp;para &nbsp;el &nbsp;m\u00e9todo&nbsp;_setVar retirado. La cookie se actualiza cada vez que se env\u00edan datos a Google Analytics.<\/td><\/tr><tr><td>&nbsp;_ga<\/td><td>Se usa para diferenciar entre usuarios y sesiones. La cookie se crea al cargar la librer\u00eda javascript y no existe una versi\u00f3n previa de la cookie _ga. La cookie se actualiza cada vez que envia los datos a Google Analytics.<\/td><\/tr><tr><td>&nbsp;_gat<\/td><td>Se usa para diferenciar entre los diferentes objetos de seguimiento creados en la sesi\u00f3n. La cookie se crea al cargar la librer\u00eda javascript y no existe una versi\u00f3n previa de la cookie _gat. La cookie se actualiza cada vez que envia los datos a Google Analytics.<\/td><\/tr><\/tbody><\/table><\/figure>\n\n\n\n<p><strong><em>Configuraci\u00f3n del usuario para evitar Cookies.<\/em><\/strong><\/p>\n\n\n\n<p>Desde&nbsp;<a href=\"http:\/\/www.colegiosocorro.es\/\">www.colegiosocorro.es<\/a>&nbsp;y en cumplimiento de la normativa legal vigente, ponemos a tu disposici\u00f3n la informaci\u00f3n que te permita configurar tu navegador\/navegadores de Internet para mantener tu privacidad y seguridad en relaci\u00f3n a las cookies. Por ello, te facilitamos la informaci\u00f3n y enlaces a los sitos de soporte oficiales de los principales navegadores para que puedas decidir si deseas o no aceptar el uso de cookies.<\/p>\n\n\n\n<p>As\u00ed, puedes bloquear las cookies a trav\u00e9s de las herramientas de configuraci\u00f3n del navegador o bien puedes configurar tu navegador para que te avise cuando un servidor quiera guardar una cookie:<\/p>\n\n\n\n<figure class=\"wp-block-table\"><table><tbody><tr><td><strong>Si utilizas Microsoft Internet Explorer, en la opci\u00f3n de<\/strong><\/td><\/tr><tr><td>&nbsp;<\/td><td><strong>men\u00fa Herramientas &gt; Opciones de Internet &gt;<\/strong>&nbsp;Privacidad &gt; Configuraci\u00f3n<\/td><\/tr><tr><td>&nbsp;<\/td><td>Para saber m\u00e1s visita<a href=\"https:\/\/support.microsoft.com\/es-es\/help\/17442\/windows-internet-explorer-delete-manage-cookies\">https:\/\/support.microsoft.com\/es-es\/help\/17442\/windows-internet-explorer-delete-manage-cookies<\/a><\/td><\/tr><tr><td><strong>Si &nbsp;utilizas &nbsp;Firefox, &nbsp;en &nbsp;la &nbsp;opci\u00f3n &nbsp;de<\/strong><\/td><\/tr><tr><td>&nbsp;<\/td><td>men\u00fa &nbsp;Herramientas &nbsp;&gt;&nbsp; &nbsp;Opciones &nbsp;&gt;&nbsp; &nbsp;Privacidad &nbsp;&gt; Cookies.<\/td><\/tr><tr><td>&nbsp;<\/td><td>Para saber m\u00e1s visita <a href=\"https:\/\/support.mozilla.org\/es\/kb\/Deshabilitar%20cookies%20de%20terceros\">https:\/\/support.mozilla.org\/es\/kb\/Deshabilitar%20cookies%20de%20terceros<\/a><\/td><\/tr><tr><td><strong>Si utilizas Chrome, en la secci\u00f3n de<\/strong><\/td><\/tr><tr><td>&nbsp;<\/td><td>Opciones &gt; Opciones avanzadas &gt; Privacidad<\/td><\/tr><tr><td>&nbsp;<\/td><td>Para saber m\u00e1s\u00a0 <a href=\"http:\/\/support.google.com\/chrome\/bin\/answer.py?hl=es&amp;answer=95647\">http:\/\/support.google.com\/chrome\/bin\/answer.py?hl=es&amp;answer=95647<\/a><\/td><\/tr><tr><td><strong>Si utilizas Opera, en la opci\u00f3n de<\/strong><\/td><\/tr><tr><td>&nbsp;<\/td><td>Seguridad &nbsp;y &nbsp;Privacidad, &nbsp;podr\u00e1s &nbsp;configurar &nbsp;el navegador<\/td><\/tr><tr><td>&nbsp;<\/td><td>Para saber m\u00e1s visita <a href=\"http:\/\/www.opera.com\/help\/tutorials\/security\/cookies\/\">http:\/\/www.opera.com\/help\/tutorials\/security\/cookies\/<\/a><\/td><\/tr><tr><td><strong>Si utilizas Safari, en la opci\u00f3n<\/strong><\/td><\/tr><tr><td>&nbsp;<\/td><td>Preferencias &gt; Seguridad o Privacidad, podr\u00e1s configurar Navegador<\/td><\/tr><tr><td>&nbsp;<\/td><td>Para saber mas visita: <a href=\"http:\/\/support.apple.com\/kb\/HT1677?viewlocale=es_ES\"><\/a><a href=\"https:\/\/support.apple.com\/es-es\/guide\/safari\/sfri11471\/mac\">https:\/\/support.apple.com\/es-es\/guide\/safari\/sfri11471\/mac<\/a><\/td><\/tr><\/tbody><\/table><\/figure>\n\n\n\n<p>Si desea deshabilitar Google Universal Analytics, puede instalar la siguiente extensi\u00f3n proporcionada por Google:<\/p>\n\n\n\n<p><a href=\"https:\/\/tools.google.com\/dlpage\/gaoptout\">https:\/\/tools.google.com\/dlpage\/gaoptout<\/a><\/p>\n","protected":false},"excerpt":{"rendered":"<p>Normativa sobre el uso de cookies Esta Pol\u00edtica de Cookies es parte integrante del Aviso Legal y la Pol\u00edtica de Privacidad &nbsp;de Parroquia Nuestra Se\u00f1ora del Socorro. El acceso y la navegaci\u00f3n en el sitio, o el &nbsp;uso &nbsp;de &nbsp;los servicios del mismo, implican la aceptaci\u00f3n de las Condiciones Generales establecidas en nuestro Aviso Legal [&hellip;]<\/p>\n","protected":false},"author":1,"featured_media":0,"parent":0,"menu_order":0,"comment_status":"closed","ping_status":"closed","template":"","meta":{"site-sidebar-layout":"default","site-content-layout":"default","ast-site-content-layout":"default","site-content-style":"default","site-sidebar-style":"default","ast-global-header-display":"","ast-banner-title-visibility":"","ast-main-header-display":"","ast-hfb-above-header-display":"","ast-hfb-below-header-display":"","ast-hfb-mobile-header-display":"","site-post-title":"","ast-breadcrumbs-content":"","ast-featured-img":"","footer-sml-layout":"","ast-disable-related-posts":"","theme-transparent-header-meta":"default","adv-header-id-meta":"","stick-header-meta":"default","header-above-stick-meta":"","header-main-stick-meta":"","header-below-stick-meta":"","astra-migrate-meta-layouts":"default","ast-page-background-enabled":"default","ast-page-background-meta":{"desktop":{"background-color":"","background-image":"","background-repeat":"repeat","background-position":"center center","background-size":"auto","background-attachment":"scroll","background-type":"","background-media":"","overlay-type":"","overlay-color":"","overlay-opacity":"","overlay-gradient":""},"tablet":{"background-color":"","background-image":"","background-repeat":"repeat","background-position":"center center","background-size":"auto","background-attachment":"scroll","background-type":"","background-media":"","overlay-type":"","overlay-color":"","overlay-opacity":"","overlay-gradient":""},"mobile":{"background-color":"","background-image":"","background-repeat":"repeat","background-position":"center center","background-size":"auto","background-attachment":"scroll","background-type":"","background-media":"","overlay-type":"","overlay-color":"","overlay-opacity":"","overlay-gradient":""}},"ast-content-background-meta":{"desktop":{"background-color":"var(--ast-global-color-5)","background-image":"","background-repeat":"repeat","background-position":"center center","background-size":"auto","background-attachment":"scroll","background-type":"","background-media":"","overlay-type":"","overlay-color":"","overlay-opacity":"","overlay-gradient":""},"tablet":{"background-color":"var(--ast-global-color-5)","background-image":"","background-repeat":"repeat","background-position":"center center","background-size":"auto","background-attachment":"scroll","background-type":"","background-media":"","overlay-type":"","overlay-color":"","overlay-opacity":"","overlay-gradient":""},"mobile":{"background-color":"var(--ast-global-color-5)","background-image":"","background-repeat":"repeat","background-position":"center center","background-size":"auto","background-attachment":"scroll","background-type":"","background-media":"","overlay-type":"","overlay-color":"","overlay-opacity":"","overlay-gradient":""}},"footnotes":""},"yst_prominent_words":[],"class_list":["post-633","page","type-page","status-publish","hentry"],"_links":{"self":[{"href":"https:\/\/colegiosocorro.es\/tienda\/wp-json\/wp\/v2\/pages\/633","targetHints":{"allow":["GET"]}}],"collection":[{"href":"https:\/\/colegiosocorro.es\/tienda\/wp-json\/wp\/v2\/pages"}],"about":[{"href":"https:\/\/colegiosocorro.es\/tienda\/wp-json\/wp\/v2\/types\/page"}],"author":[{"embeddable":true,"href":"https:\/\/colegiosocorro.es\/tienda\/wp-json\/wp\/v2\/users\/1"}],"replies":[{"embeddable":true,"href":"https:\/\/colegiosocorro.es\/tienda\/wp-json\/wp\/v2\/comments?post=633"}],"version-history":[{"count":3,"href":"https:\/\/colegiosocorro.es\/tienda\/wp-json\/wp\/v2\/pages\/633\/revisions"}],"predecessor-version":[{"id":10632,"href":"https:\/\/colegiosocorro.es\/tienda\/wp-json\/wp\/v2\/pages\/633\/revisions\/10632"}],"wp:attachment":[{"href":"https:\/\/colegiosocorro.es\/tienda\/wp-json\/wp\/v2\/media?parent=633"}],"wp:term":[{"taxonomy":"yst_prominent_words","embeddable":true,"href":"https:\/\/colegiosocorro.es\/tienda\/wp-json\/wp\/v2\/yst_prominent_words?post=633"}],"curies":[{"name":"wp","href":"https:\/\/api.w.org\/{rel}","templated":true}]}}